- 42. Let q be (-1)/6 + (t - (-17068)/24). Let c = -269 + q. Is c a composite number?
False
Let i = -61 + 53. Let s(k) = -22*k**3 - 2*k**2 + 13*k - 5. Is s(i) a composite number?
False
Let j(b) = -b**3 - 27*b**2 + b + 44. Let v be j(-27). Suppose -5*g = 5*a - 11185, -2 + v = 5*a. Is g a composite number?
True
Suppose -146*j = -151*j + 36990. Suppose -i = -5*t - j, -3*i + 3*t - 6*t = -22176. Is i composite?
False
Let s = -34431 - -80602. Is s a prime number?
True
Let q be 6 + -2 + (-7821)/(-3). Let g = q + 6052. Is g prime?
True
Let b be (-3)/1 - (-28 + 2/1). Suppose 5*t - b = -0*x + x, -3*x + 16 = 2*t. Is (-1842)/3*(1 + (-3)/x) a prime number?
True
Let s(y) = 81 + 1251*y - 49 - 49 - 4746*y. Is s(-2) prime?
False
Suppose 2*o + 4*h = 381655 + 852339, 0 = -5*o - 2*h + 3084937. Is o prime?
False
Suppose -82*f + 19705525 = 184*f - 23256933. Is f a composite number?
True
Suppose 3*w + 14 = g, -3*g + 2*w + 21 = -0*g. Suppose -g*u + 2*k = -26939, -5*u + 33025 = 3*k + 6096. Is u prime?
True
Suppose 4*b - 5*s = -5353, -s + 6*s - 6690 = 5*b. Let c = -934 - b. Is c composite?
True
Suppose 11*p - 584 = 9*p. Let v = -10 - -14. Suppose 264 + p = v*f. Is f a composite number?
False
Let r(n) = -14*n + 7. Let x = 21 + -29. Let i = -16 - x. Is r(i) prime?
False
Suppose q - 4*x - 164556 = 125841, 0 = -2*q + 3*x + 580834. Is q prime?
True
Let p = -4326 + 7922. Suppose -2*c - p = -9726. Is c a prime number?
False
Suppose 152 = 4*c + 8*u - 4*u, u = 2*c - 64. Is (17/c)/(2/15772) composite?
False
Let f(s) = -3*s**2 - 29*s + 12. Let o be f(-10). Suppose -r = o, -r = 4*h - 2*h - 3792. Is h a prime number?
False
Suppose -x = 3*f - 27535 - 607, -4*f - x + 37523 = 0. Suppose -4*s + 1 - 5 = 0, -5*b - 5*s - 20 = 0. Is b/6 - f/(-6) prime?
False
Suppose 230753 = 5*z - 162612. Suppose -v + z = 6*v. Is v a composite number?
False
Is 196269 - (-3 - (-9 + -16)) a prime number?
True
Let r be (-1 + 4)*24/24. Suppose 0 = -2*x + 2*t + 2714, -5*x = -r*t + 1206 - 7999. Is x prime?
True
Suppose i = 270 + 6150. Let j(o) = 111*o - 17. Let b be j(12). Suppose 4*f - b = -5*w + i, -5*f = w - 1568. Is w composite?
False
Suppose 126*n = 43*n + 2533243. Is n a composite number?
True
Let p = 6444 - 3058. Is p/((-4)/(3 - 5)) a prime number?
True
Suppose -2*k = -k + 4*x + 1, 4*x = 0. Let a be 2/(-4)*(-14)/(-1)*k. Suppose -8*m + a*m = -331. Is m prime?
True
Suppose -b = 53 - 426. Let j = -110 + b. Is j a composite number?
False
Suppose -34*d + 74 = 3*d. Suppose -d*x = -8578 - 1704. Is x composite?
True
Let f(d) = 30*d**2 + 594*d + 13 - 594*d. Is f(-4) composite?
True
Let n be 34/51 - 13957/(-3). Let k = -1106 + n. Is k a composite number?
False
Suppose -4*j + 7 = -k - 30, 0 = -2*j - 5*k + 35. Suppose -j = h - v + 2*v, -2*v - 10 = 0. Is h*(4 + 55)*-1 a composite number?
True
Suppose 3*h + 5*v = 9, -3*h + 15 = 2*h - 5*v. Suppose 0 = -h*b + k + 745, -b + 5*k + 106 = -133. Is b prime?
False
Let l(g) be the first derivative of -g**3/3 + 85*g**2/2 + 53*g + 32. Is l(39) a composite number?
False
Let b(k) = 8436*k**3 - 8*k**2 + 12*k + 5. Is b(3) a composite number?
True
Let c = 161 + -156. Suppose c*l = 5, -b = -0*b - 2*l - 1739. Is b a prime number?
True
Is (-252857 + 722/38)/(-3 + 1) a composite number?
True
Let r(x) = 2*x**3 - 4*x**2 + 12*x + 1. Let q be r(4). Suppose -4*b = -0*p - 5*p + q, 0 = 2*p - b - 44. Is 30/p + -2 - 2794/(-14) a composite number?
False
Let d(u) = -192*u - 143. Is d(-6) a prime number?
True
Let g = 1170821 - 299322. Is g a prime number?
False
Let q = 3905 + 9891. Let r = -9087 + q. Is r a prime number?
False
Suppose -4*k = 4*m - 1857016, -3*m - 2*k = -142197 - 1250562. Is m a composite number?
False
Suppose -62*z + 59*z = 0. Suppose z = 5*x + 5, 4*u - x - 16341 = -0*u. Let n = -2688 + u. Is n a composite number?
True
Suppose -5*l + 4*g - 14767 = -247453, -4*l - 4*g + 186156 = 0. Is l a prime number?
False
Suppose 5*x - 3*r - 73 = 0, -r + 24 = 5*x - 45. Suppose 0 = 12*f - x*f + 1222. Is f prime?
False
Suppose 5*n - 9 - 1 = 0. Let y be (-7772)/(-4) + n + -3. Is (3 + -2 + -2)/((-2)/y) a composite number?
False
Suppose 0*q + 28 = 4*q - g, 0 = q + 4*g - 24. Is 1114*(27/18 + q) a prime number?
False
Is 4105/3*(-6 - (-1722)/70) a composite number?
True
Suppose 5*r + 256149 = 4*s, 4*s = -2*r + 399073 - 142959. Is s a composite number?
True
Let f = 395 - 338. Suppose 2*l - 3416 = 3*s, 60*l + 4*s = f*l + 5141. Is l composite?
True
Let l(r) = 7*r - 108*r + 5 + 5. Let i be l(-9). Let m = i - 437. Is m a composite number?
True
Let b(h) = -105598*h - 2355. Is b(-2) a prime number?
False
Suppose o - 49354 = l + 105714, -310134 = -2*o + 4*l. Is o prime?
True
Let l = -6463 + 4459. Let q = 3762 + l. Let s = q + -1039. Is s a composite number?
False
Suppose 0 = -4*b - 4, 2*b - 362786 = -2*q - 2*q. Is q composite?
False
Let q be -5 - (-10508)/(-4) - 4. Let o = 1805 + q. Let w = o - -1822. Is w a prime number?
True
Suppose -2*h - h - 42135 = 0. Is 4 - h/(-4 - -9) a composite number?
True
Let f(o) be the second derivative of 7*o**4/12 + 37*o**3/6 - 49*o**2/2 - 2*o - 11. Is f(20) composite?
False
Suppose 92*c - 7165559 = 534933. Is c a composite number?
False
Let l be (4/10)/(7/210). Suppose 0 = 4*j + 4*i + l, 0 = -5*j - 6*i + 2*i - 16. Is 1319 - (8/(-2) - j) composite?
False
Suppose 0 = -32*p + 33*p - 2. Is (-1)/(p*5/(-16570)) a composite number?
False
Suppose -4778663 = -24*t - 3162130 + 5079491. Is t a prime number?
True
Suppose -3*o - 18 = 0, 37*m = 33*m + 2*o + 578608. Is m a prime number?
False
Let t be -38*(-7353)/72 + 2/8. Let m = t + 525. Is m prime?
False
Suppose -3*z - u + 6973981 = 0, 52*u = 4*z + 53*u - 9298644. Is z a prime number?
False
Suppose 0 = -64*l + 62*l + 31070. Suppose -l = -5*q - 5*m, 4*q - 2*m - 4170 = 8270. Is q composite?
False
Suppose -89*z + 39547633 = -25188208. Is z a prime number?
True
Let z be ((-10)/3)/(8*(-8)/(-96)). Let g(u) = -18*u**3 - 2*u**2 - 2*u - 7. Is g(z) prime?
True
Suppose 0 = 6*o + 11650 + 27260. Let s = o - -10078. Is s a prime number?
True
Is (-1)/14 + (-20381946)/(-1428) a prime number?
False
Let q(h) = 5*h + 18. Let n be q(-6). Let p(i) = -61*i - 59. Is p(n) composite?
False
Suppose 2239*a - 60462811 = 2132*a. Is a composite?
True
Let z(d) = -11*d**2 - 17*d - 159. Let y be z(-13). Let j = -1224 - y. Is j a prime number?
False
Suppose -2*l - 4*b + 146502 = 0, -673*b = 4*l - 668*b - 293001. Is l prime?
False
Let q(j) = -j**2 + 2*j - 62. Let x be q(0). Let v = x - -1835. Let a = v - 262. Is a prime?
True
Suppose -781*k + 413*k = -106375184. Is k prime?
True
Suppose -72383905 - 15881295 = 32*s - 232*s. Is s composite?
True
Let k(r) = r**3 + r**2 - r + 1. Let x be k(1). Suppose x*d + 7422 = 3*l, -5*l - 5*d + 9255 + 3090 = 0. Let w = l - 1071. Is w a composite number?
True
Let x(b) = -1177*b + 31. Let w be x(-6). Suppose 0 = 7*z - 6*z - 2*t - w, -3*t = 3*z - 21279. Is z composite?
True
Let m be (-1)/(1/15041) + (-11 - -17). Let f = m + 25917. Is f composite?
True
Let a be 24/(-4)*5/2. Let x be (1/(-3))/(1/a). Suppose 0 = 4*d - 8*d + x*z + 577, -3*d + 425 = 4*z. Is d composite?
True
Suppose 5*m - 1297312 = 4*m - 31*m. Is m a composite number?
True
Let f(s) = -29045*s + 7304. Is f(-13) a composite number?
False
Let j(m) = 10*m**2 - 27*m + 9. Let c(r) = -21*r**2 + 55*r - 17. Let w(y) = 3*c(y) + 7*j(y). Is w(23) a prime number?
True
Suppose 5*i = -2*h - 377, 0*i + 347 = -2*h + i. Is (-664)/h*850 - 4/(-22) prime?
False
Suppose 2*g + 2*g + 42686 = 2*q, 0 = 2*q + 5*g - 42686. Let n = -6322 + q. Is (24/9 - 2)/(3/n) a composite number?
True
Suppose 3*x - 2*g = -6*g + 74, 0 = 5*x - 2*g - 106. Suppose -2*l - x*s + 20*s + 70 = 0, -16 = -4*s. Is l a prime number?
True
Is ((-15)/(-3) - (16 + 22419))*-1 - -3 prime?
True
Let p(f) = -135*f + 14. Let s(i) = 545*i - 55. Let a(n) = -15*p(n) - 4*s(n). Let r(u) = u**2 - 8*u + 7. Let d be r(6). Is a(d) prime?
False
Suppose 4*z - 3*d + 2*d = -6168, -2*z - 4*d = 3084. Let h = z + 2941. Is h a prime number?
True
Is (-12)/(-72)*(259160 + -2) composite?
True
Suppose 0 = 4*p + b - 36, 3*p = p - b + 16. Suppose -5*q + 40 = -p*q. Let k(a) = 3*a**2 - 3*a - 15. Is k(q) composite?
True
Let d(n) = -3*n**3 + 28*n**2 - 40*n - 374. Is d(-17) a composite number?
True
Suppose 6*u + 4*k = 2*u + 16, 5*k + 5 = 0. Let i(n) = u*n + 8*n + 3*n - 6*n 